a prime number?
True
Is 32886691 a composite number?
True
Is 147265687 a composite number?
False
Is 7124878 composite?
True
Is 55320407 a composite number?
True
Is 13898161 composite?
False
Is 60681539 composite?
True
Is 13638899 composite?
False
Is 1177019 a composite number?
False
Is 5180621 a composite number?
False
Is 9958393 composite?
True
Is 188737729 composite?
False
Is 783889 composite?
True
Is 375029 composite?
False
Is 1310395 prime?
False
Is 73274611 prime?
True
Is 68993413 a composite number?
True
Is 2063651 a composite number?
False
Is 7767899 composite?
False
Is 1397153 composite?
False
Is 77191 a composite number?
False
Is 321851227 a composite number?
True
Is 2369023 a composite number?
True
Is 95214253 a composite number?
False
Is 952619 a prime number?
True
Is 154942019 composite?
False
Is 14867279 composite?
True
Is 30599053 a composite number?
False
Is 67016219 prime?
False
Is 444505447 prime?
True
Is 154023113 prime?
True
Is 301548089 composite?
False
Is 1502143519 composite?
False
Is 26321923 prime?
True
Is 3781007 prime?
True
Is 163852757 a prime number?
True
Is 4512809 a prime number?
False
Is 26389861 a composite number?
False
Is 1570541017 a prime number?
True
Is 30417001 composite?
True
Is 24788567 composite?
True
Is 207705721 a prime number?
False
Is 93641 a composite number?
True
Is 8772209 prime?
True
Is 854869 prime?
True
Is 12263673 a composite number?
True
Is 19054363 a composite number?
True
Is 1046779 prime?
True
Is 20844433 prime?
True
Is 36683389 composite?
False
Is 83245637 a composite number?
True
Is 351892229 composite?
True
Is 218109863 a composite number?
False
Is 27117641 a composite number?
True
Is 32112319 composite?
True
Is 2922869 a composite number?
True
Is 34250981 prime?
True
Is 2348081 prime?
True
Is 1382239 a prime number?
False
Is 31305227 a composite number?
False
Is 963461 composite?
False
Is 114501281 a composite number?
False
Is 5872849 composite?
False
Is 220672007 prime?
True
Is 7201745 a prime number?
False
Is 134417554 prime?
False
Is 23901173 prime?
True
Is 5814341 a prime number?
False
Is 51983641 composite?
True
Is 7005374 composite?
True
Is 101149 a prime number?
True
Is 27352729 prime?
True
Is 9593329 a composite number?
False
Is 18469189 composite?
True
Is 347911901 composite?
True
Is 45406381 a prime number?
True
Is 5139113 a composite number?
True
Is 4738003 composite?
False
Is 11186309 prime?
True
Is 179230187 a prime number?
True
Is 2246254 a prime number?
False
Is 127292329 composite?
False
Is 269749 prime?
True
Is 38523913 a prime number?
True
Is 3469313 a prime number?
True
Is 1615279 a composite number?
False
Is 74347519 composite?
False
Is 4879553 prime?
False
Is 1707841 a prime number?
False
Is 1977139 a prime number?
True
Is 34432159 a prime number?
False
Is 67564939 prime?
False
Is 9789311 a prime number?
False
Is 28901 a composite number?
False
Is 6305527 a prime number?
True
Is 55854211 prime?
False
Is 139755233 composite?
True
Is 20726021 a composite number?
True
Is 173507179 composite?
False
Is 705626 composite?
True
Is 227266891 composite?
False
Is 234967 prime?
True
Is 4136599 a composite number?
False
Is 12179639 a composite number?
True
Is 30403409 a prime number?
True
Is 15992609 composite?
False
Is 3888253 a prime number?
True
Is 37226513 a composite number?
True
Is 27360017 a prime number?
False
Is 8079229 a prime number?
True
Is 35020379 composite?
False
Is 387647 a prime number?
False
Is 772789 composite?
False
Is 7399907 a prime number?
True
Is 302261 a prime number?
True
Is 7811455 composite?
True
Is 353849 prime?
False
Is 118933369 prime?
False
Is 132112047 a composite number?
True
Is 16280417 prime?
False
Is 15043993 a composite number?
False
Is 55728851 composite?
False
Is 12911677 a composite number?
True
Is 34436149 composite?
True
Is 29517 a composite number?
True
Is 25476722 a composite number?
True
Is 1615919 composite?
False
Is 12673105 prime?
False
Is 61701617 a composite number?
True
Is 11529167 a composite number?
True
Is 2207783 prime?
True
Is 1154119 composite?
False
Is 9254627 a prime number?
True
Is 17768057 a prime number?
True
Is 10604453 a prime number?
False
Is 30142237 a prime number?
True
Is 5628509 composite?
False
Is 3990241 prime?
True
Is 8627467 a composite number?
False
Is 8095487 a prime number?
True
Is 29343098 a composite number?
True
Is 3676087 a prime number?
True
Is 3615773 a composite number?
True
Is 256951 a prime number?
False
Is 629711539 a composite number?
True
Is 41726253 composite?
True
Is 592127093 prime?
False
Is 13249109 composite?
True
Is 16868069 a prime number?
True
Is 137909 prime?
True
Is 1352450971 a composite number?
False
Is 67996657 composite?
True
Is 955922951 prime?
True
Is 37721741 a composite number?
False
Is 56463653 a prime number?
True
Is 392294347 a composite number?
False
Is 683539733 composite?
True
Is 135972337 a composite number?
False
Is 25363031 prime?
False
Is 22603613 composite?
False
Is 134412241 a composite number?
False
Is 148672721 composite?
False
Is 3183 a prime number?
False
Is 3970961 a composite number?
True
Is 22561661 a prime number?
True
Is 400629811 a prime number?
True
Is 5179739 composite?
False
Is 5719681 composite?
True
Is 7643953 a composite number?
False
Is 176903981 prime?
True
Is 4154491 composite?
True
Is 379064029 composite?
False
Is 214317527 composite?
False
Is 167437331 prime?
False
Is 20536469 prime?
False
Is 110930947 a prime number?
False
Is 359362553 prime?
False
Is 330886987 a composite number?
False
Is 375625963 composite?
False
Is 6525853 prime?
True
Is 108650947 a composite number?
True
Is 169765933 a composite number?
True
Is 365846057 a composite number?
False
Is 568789 a composite number?
True
Is 2101277 a prime number?
True
Is 8212967 a composite number?
True
Is 3101939 a prime number?
False
Is 971097 a composite number?
True
Is 294367 composite?
True
Is 3034127 prime?
True
Is 3946519 prime?
False
Is 1599067 a composite number?
False
Is 1544379 a prime number?
False
Is 286820441 composite?
False
Is 14759933 composite?
False
Is 709073 prime?
False
Is 625702967 prime?
False
Is 31942103 prime?
True
Is 6988913 composite?
True
Is 13002809 a prime number?
True
Is 293377439 composite?
False
Is 3091321 a prime number?
True
Is 2048843 a composite number?
False
Is 28144043 composite?
False
Is 2960413 a prime number?
True
Is 14053619 a prime number?
True
Is 24750263 prime?
True
Is 123208339 composite?
True
Is 1741283 composite?
True
Is 632557 prime?
True
Is 8426711 a prime number?
False
Is 36197 composite?
True
Is 196725211 prime?
True
Is 46508255 a composite number?
True
Is 16861051 composite?
False
Is 6311873 a composite number?
False
Is 70258417 a prime number?
False
Is 160196077 composite?
False
Is 2587693 prime?
True
Is 1824491 prime?
False
Is 200184377 composite?
False
Is 2332042 prime?
False
Is 20705147 composite?
False
Is 1690187 a composite number?
False
Is 9729143 composite?
False
Is 2336813 a composite number?
True
Is 6470141 a prime number?
True
Is 143558831 prime?
False
Is 137350949 a prime number?
True
Is 3611059 composite?
False
Is 1896067 composite?
True
Is 1671061 prime?
False
Is 8053399 prime?
True
Is 48428119 a composite number?
True
Is 14684937 prime?
False
Is 27091469 a prime number?
True
Is 375031 a prime number?
False
Is 66941573 prime?
False
Is 6865951 a composite number?
True
Is 34294166 a prime number?
False
Is 91947593 a composite number?
True
Is 606105391 a prime number?
True
Is 99061031 prime?
True
Is 17913659 composite?
False
Is 44202359 prime?
True
Is 4266497 a composite number?
False
Is 24474113 composite?
False
Is 41398271 prime?
False
Is 762293477 composite?
True
Is 54996421 a prime number?
False
Is 279743747 a prime number?
True
Is 3174097 a prime number?
False
Is 547951 composite?
False
Is 7817223 a prime number?
False
Is 328501097 composite?
False
Is 1321037 prime?
False
Is 7845839 a prime number?
True
Is 3167809 prime?
True
Is 4766617 a prime number?
False
Is 1708283 a prime number?
True
Is 8620987 a prime number?
False
Is 56919593 a composite number?
True
Is 14415971 prime?
True
Is 706805287 a composite number?
False
Is 6622669 a prime number?
False
Is 17464649 composite?
True
Is 39847831 composite?
False
Is 2004